{"id":38,"date":"2023-12-06T16:52:35","date_gmt":"2023-12-06T15:52:35","guid":{"rendered":"https:\/\/tatianatournut.com\/?page_id=38"},"modified":"2023-12-19T16:23:45","modified_gmt":"2023-12-19T15:23:45","slug":"presentation","status":"publish","type":"page","link":"https:\/\/tatianatournut.com\/?page_id=38","title":{"rendered":"PRESENTATION"},"content":{"rendered":"\n<div class=\"wp-block-cover\"><span aria-hidden=\"true\" class=\"wp-block-cover__background has-background-dim-10 has-background-dim\"><\/span><img loading=\"lazy\" decoding=\"async\" width=\"300\" height=\"300\" class=\"wp-block-cover__image-background wp-image-73\" alt=\"\" src=\"http:\/\/tatianatournut.com\/wp-content\/uploads\/2023\/12\/IMG-20230501-WA0000-300x300.jpg\" data-object-fit=\"cover\" srcset=\"https:\/\/tatianatournut.com\/wp-content\/uploads\/2023\/12\/IMG-20230501-WA0000-300x300.jpg 300w, https:\/\/tatianatournut.com\/wp-content\/uploads\/2023\/12\/IMG-20230501-WA0000-150x150.jpg 150w, https:\/\/tatianatournut.com\/wp-content\/uploads\/2023\/12\/IMG-20230501-WA0000.jpg 512w\" sizes=\"(max-width: 300px) 100vw, 300px\" \/><div class=\"wp-block-cover__inner-container is-layout-flow wp-block-cover-is-layout-flow\">\n<p class=\"has-text-align-center has-large-font-size\"><\/p>\n<\/div><\/div>\n\n\n\n<div class=\"wp-block-group is-vertical is-layout-flex wp-container-core-group-layout-1 wp-block-group-is-layout-flex\">\n<div class=\"wp-block-columns is-layout-flex wp-container-core-columns-layout-1 wp-block-columns-is-layout-flex\">\n<div class=\"wp-block-column is-layout-flow wp-block-column-is-layout-flow\" style=\"flex-basis:100%\">\n<p class=\"has-medium-font-size\"><\/p>\n\n\n\n<p>N\u00e9e un jour d&rsquo;ao\u00fbt 2004 dans la capitale jurassienne, Tatiana est une amoureuse des sports en ext\u00e9rieur comme le ski alpin ou nordique et le v\u00e9lo qu&rsquo;elle pratique depuis toute petite en famille. Elle aime surtout se d\u00e9penser, en hiver comme en \u00e9t\u00e9, dans les montagnes, dans les bois et for\u00eats, sur les routes ou les chemins.<\/p>\n<p><img loading=\"lazy\" decoding=\"async\" class=\"size-medium wp-image-170 alignleft\" src=\"http:\/\/tatianatournut.com\/wp-content\/uploads\/2023\/12\/DSC_0227-169x300.jpg\" alt=\"\" width=\"169\" height=\"300\" srcset=\"https:\/\/tatianatournut.com\/wp-content\/uploads\/2023\/12\/DSC_0227-169x300.jpg 169w, https:\/\/tatianatournut.com\/wp-content\/uploads\/2023\/12\/DSC_0227-576x1024.jpg 576w, https:\/\/tatianatournut.com\/wp-content\/uploads\/2023\/12\/DSC_0227-768x1365.jpg 768w, https:\/\/tatianatournut.com\/wp-content\/uploads\/2023\/12\/DSC_0227-864x1536.jpg 864w, https:\/\/tatianatournut.com\/wp-content\/uploads\/2023\/12\/DSC_0227-1152x2048.jpg 1152w, https:\/\/tatianatournut.com\/wp-content\/uploads\/2023\/12\/DSC_0227-scaled.jpg 1440w\" sizes=\"(max-width: 169px) 100vw, 169px\" \/> <img loading=\"lazy\" decoding=\"async\" class=\"alignnone size-medium wp-image-171\" src=\"http:\/\/tatianatournut.com\/wp-content\/uploads\/2023\/12\/DSC_0305-169x300.jpg\" alt=\"\" width=\"169\" height=\"300\" srcset=\"https:\/\/tatianatournut.com\/wp-content\/uploads\/2023\/12\/DSC_0305-169x300.jpg 169w, https:\/\/tatianatournut.com\/wp-content\/uploads\/2023\/12\/DSC_0305-576x1024.jpg 576w, https:\/\/tatianatournut.com\/wp-content\/uploads\/2023\/12\/DSC_0305-768x1365.jpg 768w, https:\/\/tatianatournut.com\/wp-content\/uploads\/2023\/12\/DSC_0305-864x1536.jpg 864w, https:\/\/tatianatournut.com\/wp-content\/uploads\/2023\/12\/DSC_0305-rotated.jpg 1080w\" sizes=\"(max-width: 169px) 100vw, 169px\" \/><\/p>\n<p>Jusqu&rsquo;\u00e0 la cat\u00e9gorie cadette (U17), elle n&rsquo;avait pas encore choisi de discipline. Elle alternait une saison d&rsquo;hiver en ski nordique et sa saison d&rsquo;\u00e9t\u00e9 sur le VTT, le tout avec une belle r\u00e9ussite puisqu&rsquo;elle a m\u00eame fait un podium sur une coupe de France de ski nordique. Le choix du VTT s&rsquo;est fait en junior, un peu forc\u00e9 par la pand\u00e9mie de Covid et l&rsquo;annulation de la plupart des comp\u00e9titions de ski.<\/p>\n<p><img loading=\"lazy\" decoding=\"async\" class=\"size-medium wp-image-168 alignright\" src=\"http:\/\/tatianatournut.com\/wp-content\/uploads\/2023\/12\/FB_IMG_1609430468197-300x169.jpg\" alt=\"\" width=\"300\" height=\"169\" srcset=\"https:\/\/tatianatournut.com\/wp-content\/uploads\/2023\/12\/FB_IMG_1609430468197-300x169.jpg 300w, https:\/\/tatianatournut.com\/wp-content\/uploads\/2023\/12\/FB_IMG_1609430468197-1024x576.jpg 1024w, https:\/\/tatianatournut.com\/wp-content\/uploads\/2023\/12\/FB_IMG_1609430468197-768x432.jpg 768w, https:\/\/tatianatournut.com\/wp-content\/uploads\/2023\/12\/FB_IMG_1609430468197.jpg 1080w\" sizes=\"(max-width: 300px) 100vw, 300px\" \/> <img loading=\"lazy\" decoding=\"async\" class=\"alignnone size-medium wp-image-167\" src=\"http:\/\/tatianatournut.com\/wp-content\/uploads\/2023\/12\/FB_IMG_1609430395610-300x169.jpg\" alt=\"\" width=\"300\" height=\"169\" srcset=\"https:\/\/tatianatournut.com\/wp-content\/uploads\/2023\/12\/FB_IMG_1609430395610-300x169.jpg 300w, https:\/\/tatianatournut.com\/wp-content\/uploads\/2023\/12\/FB_IMG_1609430395610-768x432.jpg 768w, https:\/\/tatianatournut.com\/wp-content\/uploads\/2023\/12\/FB_IMG_1609430395610.jpg 960w\" sizes=\"(max-width: 300px) 100vw, 300px\" \/><\/p>\n<p>Elle partage ses journ\u00e9es entre entrainements et \u00e9tudes, le double projet scolaire et sport a depuis toujours \u00e9t\u00e9 tr\u00e8s important pour elle. En faisant des \u00e9tudes en STAPS, elle pr\u00e9pare sa reconversion professionnelle apr\u00e8s sa carri\u00e8re sportive (qu&rsquo;elle esp\u00e8re la plus longue possible).<\/p>\n<\/div>\n<\/div>\n<\/div>\n\n\n\n<figure class=\"wp-block-image size-large\"><img loading=\"lazy\" decoding=\"async\" width=\"682\" height=\"1024\" src=\"https:\/\/tatianatournut.com\/wp-content\/uploads\/2023\/12\/IMG-20230616-WA0001-682x1024.jpg\" alt=\"\" class=\"wp-image-176\" srcset=\"https:\/\/tatianatournut.com\/wp-content\/uploads\/2023\/12\/IMG-20230616-WA0001-682x1024.jpg 682w, https:\/\/tatianatournut.com\/wp-content\/uploads\/2023\/12\/IMG-20230616-WA0001-200x300.jpg 200w, https:\/\/tatianatournut.com\/wp-content\/uploads\/2023\/12\/IMG-20230616-WA0001-768x1153.jpg 768w, https:\/\/tatianatournut.com\/wp-content\/uploads\/2023\/12\/IMG-20230616-WA0001-1023x1536.jpg 1023w, https:\/\/tatianatournut.com\/wp-content\/uploads\/2023\/12\/IMG-20230616-WA0001.jpg 1066w\" sizes=\"(max-width: 682px) 100vw, 682px\" \/><\/figure>\n\n\n\n<p><\/p>\n\n\n\n<p><\/p>\n\n\n\n<p><\/p>\n\n\n\n<p><\/p>\n\n\n\n<p class=\"has-text-align-left has-vivid-red-color has-text-color has-link-color has-medium-font-size wp-elements-a76dc3bafeec6d93be27d4d47d612fea\"><\/p>\n\n\n\n<p><\/p>\n\n\n\n<p><\/p>\n\n\n\n<p><\/p>\n\n\n\n<p><\/p>\n","protected":false},"excerpt":{"rendered":"<p>N\u00e9e un jour d&rsquo;ao\u00fbt 2004 dans la capitale jurassienne, Tatiana est une amoureuse des sports en ext\u00e9rieur comme le ski alpin ou nordique et le v\u00e9lo qu&rsquo;elle pratique depuis toute petite en famille. Elle aime surtout se d\u00e9penser, en hiver comme en \u00e9t\u00e9, dans les montagnes, dans les bois et for\u00eats, sur les routes ou [&hellip;]<\/p>\n","protected":false},"author":2,"featured_media":0,"parent":0,"menu_order":0,"comment_status":"closed","ping_status":"closed","template":"","meta":{"footnotes":""},"_links":{"self":[{"href":"https:\/\/tatianatournut.com\/index.php?rest_route=\/wp\/v2\/pages\/38"}],"collection":[{"href":"https:\/\/tatianatournut.com\/index.php?rest_route=\/wp\/v2\/pages"}],"about":[{"href":"https:\/\/tatianatournut.com\/index.php?rest_route=\/wp\/v2\/types\/page"}],"author":[{"embeddable":true,"href":"https:\/\/tatianatournut.com\/index.php?rest_route=\/wp\/v2\/users\/2"}],"replies":[{"embeddable":true,"href":"https:\/\/tatianatournut.com\/index.php?rest_route=%2Fwp%2Fv2%2Fcomments&post=38"}],"version-history":[{"count":15,"href":"https:\/\/tatianatournut.com\/index.php?rest_route=\/wp\/v2\/pages\/38\/revisions"}],"predecessor-version":[{"id":177,"href":"https:\/\/tatianatournut.com\/index.php?rest_route=\/wp\/v2\/pages\/38\/revisions\/177"}],"wp:attachment":[{"href":"https:\/\/tatianatournut.com\/index.php?rest_route=%2Fwp%2Fv2%2Fmedia&parent=38"}],"curies":[{"name":"wp","href":"https:\/\/api.w.org\/{rel}","templated":true}]}}